{"id":193,"date":"2020-10-08T11:36:35","date_gmt":"2020-10-08T09:36:35","guid":{"rendered":"https:\/\/haddad-boyer.fr\/?page_id=193"},"modified":"2020-12-02T21:56:41","modified_gmt":"2020-12-02T20:56:41","slug":"qui","status":"publish","type":"page","link":"https:\/\/haddad-boyer.fr\/?page_id=193","title":{"rendered":"qui?"},"content":{"rendered":"<p>[et_pb_section fb_built=\u00a0\u00bb1&Prime; _builder_version=\u00a0\u00bb4.6.5&Prime; _module_preset=\u00a0\u00bbdefault\u00a0\u00bb custom_padding=\u00a0\u00bb0px||0px||true|false\u00a0\u00bb locked=\u00a0\u00bboff\u00a0\u00bb][et_pb_row column_structure=\u00a0\u00bb1_4,1_2,1_4&Prime; use_custom_gutter=\u00a0\u00bbon\u00a0\u00bb gutter_width=\u00a0\u00bb1&Prime; make_equal=\u00a0\u00bbon\u00a0\u00bb _builder_version=\u00a0\u00bb4.6.5&Prime; _module_preset=\u00a0\u00bbdefault\u00a0\u00bb width=\u00a0\u00bb100%\u00a0\u00bb min_height=\u00a0\u00bb40vh\u00a0\u00bb custom_margin=\u00a0\u00bb0px||0px||true|false\u00a0\u00bb custom_padding=\u00a0\u00bb0px||0px||true|false\u00a0\u00bb locked=\u00a0\u00bboff\u00a0\u00bb][et_pb_column type=\u00a0\u00bb1_4&Prime; module_class=\u00a0\u00bbhover_home\u00a0\u00bb disabled_on=\u00a0\u00bbon|on|off\u00a0\u00bb _builder_version=\u00a0\u00bb4.6.5&Prime; _dynamic_attributes=\u00a0\u00bblink_option_url\u00a0\u00bb _module_preset=\u00a0\u00bbdefault\u00a0\u00bb custom_padding=\u00a0\u00bb||||true|true\u00a0\u00bb link_option_url=\u00a0\u00bb@ET-DC@eyJkeW5hbWljIjp0cnVlLCJjb250ZW50IjoiaG9tZV91cmwiLCJzZXR0aW5ncyI6e319@\u00a0\u00bb custom_css_main_element=\u00a0\u00bbdisplay:flex;||flex-direction:column;||justify-content:center;||align-items:center;\u00a0\u00bb border_color_top=\u00a0\u00bb#853175&Prime; border_width_right=\u00a0\u00bb1px\u00a0\u00bb border_color_right=\u00a0\u00bbrgba(0,0,0,0.19)\u00a0\u00bb border_color_bottom=\u00a0\u00bb#853175&Prime; border_width_top__hover_enabled=\u00a0\u00bbon|hover\u00a0\u00bb border_width_all__hover_enabled=\u00a0\u00bbon|hover\u00a0\u00bb border_width_bottom__hover=\u00a0\u00bb0px\u00a0\u00bb border_width_bottom__hover_enabled=\u00a0\u00bbon|hover\u00a0\u00bb border_width_right__hover=\u00a0\u00bb1px\u00a0\u00bb border_width_right__hover_enabled=\u00a0\u00bbon|hover\u00a0\u00bb border_width_top__hover=\u00a0\u00bb6px\u00a0\u00bb][et_pb_image src=\u00a0\u00bbhttp:\/\/haddad-boyer.fr\/wp-content\/uploads\/2020\/10\/kisspng-computer-icons-tiny-house-movement-5b38108e382cc3.0367630215304009102301.png\u00a0\u00bb title_text=\u00a0\u00bbkisspng-computer-icons-tiny-house-movement-5b38108e382cc3.0367630215304009102301&Prime; align=\u00a0\u00bbcenter\u00a0\u00bb module_class=\u00a0\u00bbpicto_home\u00a0\u00bb _builder_version=\u00a0\u00bb4.6.5&Prime; _module_preset=\u00a0\u00bbdefault\u00a0\u00bb max_width=\u00a0\u00bb5%\u00a0\u00bb custom_margin=\u00a0\u00bb||20px||false|false\u00a0\u00bb][\/et_pb_image][et_pb_text module_class=\u00a0\u00bbquincy_home\u00a0\u00bb _builder_version=\u00a0\u00bb4.6.5&Prime; _dynamic_attributes=\u00a0\u00bblink_option_url\u00a0\u00bb _module_preset=\u00a0\u00bbdefault\u00a0\u00bb header_5_font=\u00a0\u00bbCantora One|||on|||||\u00a0\u00bb header_5_text_color=\u00a0\u00bb#853175&Prime; header_5_font_size=\u00a0\u00bb25px\u00a0\u00bb header_6_font=\u00a0\u00bbCantora One||||||||\u00a0\u00bb header_6_text_color=\u00a0\u00bb#853175&Prime; header_6_font_size=\u00a0\u00bb16px\u00a0\u00bb link_option_url=\u00a0\u00bb@ET-DC@eyJkeW5hbWljIjp0cnVlLCJjb250ZW50IjoiaG9tZV91cmwiLCJzZXR0aW5ncyI6e319@\u00a0\u00bb hover_enabled=\u00a0\u00bb0&Prime; locked=\u00a0\u00bboff\u00a0\u00bb header_5_font_size__hover_enabled=\u00a0\u00bbon|hover\u00a0\u00bb header_5_font_size__hover=\u00a0\u00bb\u00a0\u00bb header_6_font_size__hover_enabled=\u00a0\u00bbon|hover\u00a0\u00bb sticky_enabled=\u00a0\u00bb0&Prime;]<\/p>\n<h5 style=\"text-align: center;\"><strong>HADDAD<\/strong><\/h5>\n<h5 style=\"text-align: center;\">BOYER<\/h5>\n<h6 style=\"text-align: center;\"><strong>&amp; associ\u00e9s<\/strong><\/h6>\n<p>[\/et_pb_text][\/et_pb_column][et_pb_column type=\u00a0\u00bb1_2&Prime; _builder_version=\u00a0\u00bb4.6.5&Prime; _module_preset=\u00a0\u00bbdefault\u00a0\u00bb custom_padding=\u00a0\u00bb||||true|true\u00a0\u00bb border_width_right=\u00a0\u00bb1px\u00a0\u00bb border_color_right=\u00a0\u00bbrgba(0,0,0,0.24)\u00a0\u00bb border_width_top__hover_enabled=\u00a0\u00bbon|hover\u00a0\u00bb][et_pb_text _builder_version=\u00a0\u00bb4.6.5&Prime; _module_preset=\u00a0\u00bbdefault\u00a0\u00bb text_font=\u00a0\u00bbCantora One||||||||\u00a0\u00bb text_text_color=\u00a0\u00bb#8300e9&Prime; header_font=\u00a0\u00bbCantora One|||on|||||\u00a0\u00bb header_text_align=\u00a0\u00bbleft\u00a0\u00bb header_text_color=\u00a0\u00bb#853175&Prime; header_font_size=\u00a0\u00bb22px\u00a0\u00bb custom_margin=\u00a0\u00bb40px||30px|0px|false|false\u00a0\u00bb custom_padding=\u00a0\u00bb||10px|30px|false|false\u00a0\u00bb custom_css_main_element=\u00a0\u00bbwidth:fit-content;\u00a0\u00bb border_color_all=\u00a0\u00bbrgba(0,0,0,0.21)\u00a0\u00bb border_width_bottom=\u00a0\u00bb1px\u00a0\u00bb]<\/p>\n<h1 style=\"text-align: left;\">l&rsquo;agence<\/h1>\n<p>[\/et_pb_text][et_pb_tabs active_tab_background_color=\u00a0\u00bb#ffffff\u00a0\u00bb inactive_tab_background_color=\u00a0\u00bbrgba(0,0,0,0.16)\u00a0\u00bb active_tab_text_color=\u00a0\u00bb#853175&Prime; _builder_version=\u00a0\u00bb4.6.5&Prime; _module_preset=\u00a0\u00bbdefault\u00a0\u00bb tab_text_color=\u00a0\u00bbrgba(0,0,0,0.35)\u00a0\u00bb body_font=\u00a0\u00bbOpen Sans||||||||\u00a0\u00bb tab_font=\u00a0\u00bbCantora One|||on|||||\u00a0\u00bb vertical_offset=\u00a0\u00bb-118px\u00a0\u00bb horizontal_offset=\u00a0\u00bb-6px\u00a0\u00bb custom_margin=\u00a0\u00bb||20px||false|false\u00a0\u00bb border_width_right=\u00a0\u00bb0px\u00a0\u00bb border_width_bottom=\u00a0\u00bb0px\u00a0\u00bb border_width_left=\u00a0\u00bb0px\u00a0\u00bb][et_pb_tab title=\u00a0\u00bble cabinet\u00a0\u00bb _builder_version=\u00a0\u00bb4.6.5&Prime; _module_preset=\u00a0\u00bbdefault\u00a0\u00bb]<\/p>\n<h5>EN D\u00c9TAIL<\/h5>\n<p><strong>Cr\u00e9e en 2009 par Sophie Haddad et Jean-Christophe Boyer<\/strong>, le cabinet intervient aux c\u00f4t\u00e9s de ses clients pour les aider dans la r\u00e9ussite de leurs projets et s\u00e9curiser leur croissance. Notre implantation sur Paris nous permet de rayonner sur l\u2019ensemble de l&rsquo;Ile-de-France.<\/p>\n<p>[\/et_pb_tab][et_pb_tab title=\u00a0\u00bbl&rsquo;esprit\u00a0\u00bb _builder_version=\u00a0\u00bb4.6.5&Prime; _module_preset=\u00a0\u00bbdefault\u00a0\u00bb]<\/p>\n<h5>NOUS FAISONS CONFIANCE \u00c0 NOS CLIENTS ET EUX AUSSI.<\/h5>\n<p>Associ\u00e9s et collaborateurs du cabinet, nous sommes aux c\u00f4t\u00e9s de nos clients pour les conseiller, les accompagner dans leurs projets et leurs n\u00e9gociations. Nos clients nous pr\u00e9sentent leurs projets, ils nous confient leurs pr\u00e9occupations. \u00c0 chaque \u00e9tape de la vie de votre entreprise, faites nous part de vos objectifs, de vos ambitions, de vos difficult\u00e9s.<span>\u00a0<\/span><strong>Les meilleurs projets, les r\u00e9ussites les plus belles naissent souvent du hasard mais toujours de la compl\u00e9mentarit\u00e9 des comp\u00e9tences.<\/strong><\/p>\n<p>[\/et_pb_tab][\/et_pb_tabs][\/et_pb_column][et_pb_column type=\u00a0\u00bb1_4&Prime; _builder_version=\u00a0\u00bb4.6.5&Prime; _module_preset=\u00a0\u00bbdefault\u00a0\u00bb][\/et_pb_column][\/et_pb_row][\/et_pb_section][et_pb_section fb_built=\u00a0\u00bb1&Prime; _builder_version=\u00a0\u00bb4.6.5&Prime; _module_preset=\u00a0\u00bbdefault\u00a0\u00bb custom_padding=\u00a0\u00bb0px||0px||true|false\u00a0\u00bb][et_pb_row column_structure=\u00a0\u00bb1_4,1_2,1_4&Prime; use_custom_gutter=\u00a0\u00bbon\u00a0\u00bb gutter_width=\u00a0\u00bb1&Prime; make_equal=\u00a0\u00bbon\u00a0\u00bb _builder_version=\u00a0\u00bb4.6.5&Prime; _module_preset=\u00a0\u00bbdefault\u00a0\u00bb width=\u00a0\u00bb100%\u00a0\u00bb height=\u00a0\u00bb40vh\u00a0\u00bb custom_margin=\u00a0\u00bb0px||0px||true|false\u00a0\u00bb custom_padding=\u00a0\u00bb0px||0px||true|false\u00a0\u00bb][et_pb_column type=\u00a0\u00bb1_4&Prime; disabled_on=\u00a0\u00bboff|off|off\u00a0\u00bb _builder_version=\u00a0\u00bb4.6.5&Prime; _module_preset=\u00a0\u00bbdefault\u00a0\u00bb background_image=\u00a0\u00bbhttp:\/\/haddad-boyer.fr\/wp-content\/uploads\/2020\/10\/qui_visuel01_01.jpg\u00a0\u00bb][\/et_pb_column][et_pb_column type=\u00a0\u00bb1_2&Prime; _builder_version=\u00a0\u00bb4.6.5&Prime; _module_preset=\u00a0\u00bbdefault\u00a0\u00bb background_color=\u00a0\u00bb#853175&Prime; custom_padding=\u00a0\u00bb13vh|2vw|13vh|2vw|true|true\u00a0\u00bb custom_css_main_element=\u00a0\u00bbdisplay:flex;||flex-direction:column;||justify-content:center;||align-items:center;\u00a0\u00bb][et_pb_text module_class=\u00a0\u00bbguillemets\u00a0\u00bb _builder_version=\u00a0\u00bb4.6.5&Prime; _module_preset=\u00a0\u00bbdefault\u00a0\u00bb text_font=\u00a0\u00bbCantora One||on||||||\u00a0\u00bb text_text_color=\u00a0\u00bb#ffffff\u00a0\u00bb text_font_size=\u00a0\u00bb22px\u00a0\u00bb custom_padding=\u00a0\u00bb||||true|true\u00a0\u00bb locked=\u00a0\u00bboff\u00a0\u00bb]<\/p>\n<p style=\"text-align: center;\"><span>\u00c0 chaque \u00e9tape de la vie de votre entreprise, faites-nous part de vos objectifs, de vos ambitions, de vos difficult\u00e9s.<\/span><\/p>\n<p>[\/et_pb_text][\/et_pb_column][et_pb_column type=\u00a0\u00bb1_4&Prime; disabled_on=\u00a0\u00bbon|on|off\u00a0\u00bb _builder_version=\u00a0\u00bb4.6.5&Prime; _module_preset=\u00a0\u00bbdefault\u00a0\u00bb][\/et_pb_column][\/et_pb_row][et_pb_row column_structure=\u00a0\u00bb1_4,1_2,1_4&Prime; use_custom_gutter=\u00a0\u00bbon\u00a0\u00bb gutter_width=\u00a0\u00bb1&Prime; make_equal=\u00a0\u00bbon\u00a0\u00bb disabled_on=\u00a0\u00bbon|on|off\u00a0\u00bb _builder_version=\u00a0\u00bb4.6.5&Prime; _module_preset=\u00a0\u00bbdefault\u00a0\u00bb width=\u00a0\u00bb100%\u00a0\u00bb height=\u00a0\u00bb40vh\u00a0\u00bb custom_margin=\u00a0\u00bb0px||0px||true|false\u00a0\u00bb custom_padding=\u00a0\u00bb0px||0px||true|false\u00a0\u00bb][et_pb_column type=\u00a0\u00bb1_4&Prime; disabled_on=\u00a0\u00bbon|on|off\u00a0\u00bb _builder_version=\u00a0\u00bb4.6.5&Prime; _module_preset=\u00a0\u00bbdefault\u00a0\u00bb background_enable_image=\u00a0\u00bboff\u00a0\u00bb][\/et_pb_column][et_pb_column type=\u00a0\u00bb1_2&Prime; _builder_version=\u00a0\u00bb4.6.5&Prime; _module_preset=\u00a0\u00bbdefault\u00a0\u00bb background_enable_color=\u00a0\u00bboff\u00a0\u00bb background_image=\u00a0\u00bbhttp:\/\/haddad-boyer.fr\/wp-content\/uploads\/2020\/10\/qui_visuel03.jpg\u00a0\u00bb custom_padding=\u00a0\u00bb13vh|2vw|13vh|2vw|true|true\u00a0\u00bb custom_css_main_element=\u00a0\u00bbdisplay:flex;||flex-direction:column;||justify-content:center;||align-items:center;\u00a0\u00bb][\/et_pb_column][et_pb_column type=\u00a0\u00bb1_4&Prime; disabled_on=\u00a0\u00bbon|on|off\u00a0\u00bb _builder_version=\u00a0\u00bb4.6.5&Prime; _module_preset=\u00a0\u00bbdefault\u00a0\u00bb][\/et_pb_column][\/et_pb_row][\/et_pb_section]<\/p>\n","protected":false},"excerpt":{"rendered":"<p>[et_pb_section fb_built=\u00a0\u00bb1&Prime; _builder_version=\u00a0\u00bb4.6.5&Prime; _module_preset=\u00a0\u00bbdefault\u00a0\u00bb custom_padding=\u00a0\u00bb0px||0px||true|false\u00a0\u00bb locked=\u00a0\u00bboff\u00a0\u00bb][et_pb_row column_structure=\u00a0\u00bb1_4,1_2,1_4&Prime; use_custom_gutter=\u00a0\u00bbon\u00a0\u00bb gutter_width=\u00a0\u00bb1&Prime; make_equal=\u00a0\u00bbon\u00a0\u00bb _builder_version=\u00a0\u00bb4.6.5&Prime; _module_preset=\u00a0\u00bbdefault\u00a0\u00bb width=\u00a0\u00bb100%\u00a0\u00bb min_height=\u00a0\u00bb40vh\u00a0\u00bb custom_margin=\u00a0\u00bb0px||0px||true|false\u00a0\u00bb custom_padding=\u00a0\u00bb0px||0px||true|false\u00a0\u00bb locked=\u00a0\u00bboff\u00a0\u00bb][et_pb_column type=\u00a0\u00bb1_4&Prime; module_class=\u00a0\u00bbhover_home\u00a0\u00bb disabled_on=\u00a0\u00bbon|on|off\u00a0\u00bb _builder_version=\u00a0\u00bb4.6.5&Prime; _dynamic_attributes=\u00a0\u00bblink_option_url\u00a0\u00bb _module_preset=\u00a0\u00bbdefault\u00a0\u00bb custom_padding=\u00a0\u00bb||||true|true\u00a0\u00bb link_option_url=\u00a0\u00bb@ET-DC@eyJkeW5hbWljIjp0cnVlLCJjb250ZW50IjoiaG9tZV91cmwiLCJzZXR0aW5ncyI6e319@\u00a0\u00bb custom_css_main_element=\u00a0\u00bbdisplay:flex;||flex-direction:column;||justify-content:center;||align-items:center;\u00a0\u00bb border_color_top=\u00a0\u00bb#853175&Prime; border_width_right=\u00a0\u00bb1px\u00a0\u00bb border_color_right=\u00a0\u00bbrgba(0,0,0,0.19)\u00a0\u00bb border_color_bottom=\u00a0\u00bb#853175&Prime; border_width_top__hover_enabled=\u00a0\u00bbon|hover\u00a0\u00bb border_width_all__hover_enabled=\u00a0\u00bbon|hover\u00a0\u00bb border_width_bottom__hover=\u00a0\u00bb0px\u00a0\u00bb border_width_bottom__hover_enabled=\u00a0\u00bbon|hover\u00a0\u00bb border_width_right__hover=\u00a0\u00bb1px\u00a0\u00bb border_width_right__hover_enabled=\u00a0\u00bbon|hover\u00a0\u00bb border_width_top__hover=\u00a0\u00bb6px\u00a0\u00bb][et_pb_image src=\u00a0\u00bbhttp:\/\/haddad-boyer.fr\/wp-content\/uploads\/2020\/10\/kisspng-computer-icons-tiny-house-movement-5b38108e382cc3.0367630215304009102301.png\u00a0\u00bb title_text=\u00a0\u00bbkisspng-computer-icons-tiny-house-movement-5b38108e382cc3.0367630215304009102301&Prime; align=\u00a0\u00bbcenter\u00a0\u00bb module_class=\u00a0\u00bbpicto_home\u00a0\u00bb _builder_version=\u00a0\u00bb4.6.5&Prime; _module_preset=\u00a0\u00bbdefault\u00a0\u00bb max_width=\u00a0\u00bb5%\u00a0\u00bb custom_margin=\u00a0\u00bb||20px||false|false\u00a0\u00bb][\/et_pb_image][et_pb_text module_class=\u00a0\u00bbquincy_home\u00a0\u00bb _builder_version=\u00a0\u00bb4.6.5&Prime; _dynamic_attributes=\u00a0\u00bblink_option_url\u00a0\u00bb _module_preset=\u00a0\u00bbdefault\u00a0\u00bb header_5_font=\u00a0\u00bbCantora One|||on|||||\u00a0\u00bb header_5_text_color=\u00a0\u00bb#853175&Prime; header_5_font_size=\u00a0\u00bb25px\u00a0\u00bb header_6_font=\u00a0\u00bbCantora One||||||||\u00a0\u00bb [&hellip;]<\/p>\n","protected":false},"author":1,"featured_media":0,"parent":0,"menu_order":0,"comment_status":"closed","ping_status":"closed","template":"","meta":{"_et_pb_use_builder":"on","_et_pb_old_content":"<!-- wp:divi\/placeholder \/-->","_et_gb_content_width":""},"_links":{"self":[{"href":"https:\/\/haddad-boyer.fr\/index.php?rest_route=\/wp\/v2\/pages\/193"}],"collection":[{"href":"https:\/\/haddad-boyer.fr\/index.php?rest_route=\/wp\/v2\/pages"}],"about":[{"href":"https:\/\/haddad-boyer.fr\/index.php?rest_route=\/wp\/v2\/types\/page"}],"author":[{"embeddable":true,"href":"https:\/\/haddad-boyer.fr\/index.php?rest_route=\/wp\/v2\/users\/1"}],"replies":[{"embeddable":true,"href":"https:\/\/haddad-boyer.fr\/index.php?rest_route=%2Fwp%2Fv2%2Fcomments&post=193"}],"version-history":[{"count":1,"href":"https:\/\/haddad-boyer.fr\/index.php?rest_route=\/wp\/v2\/pages\/193\/revisions"}],"predecessor-version":[{"id":1306,"href":"https:\/\/haddad-boyer.fr\/index.php?rest_route=\/wp\/v2\/pages\/193\/revisions\/1306"}],"wp:attachment":[{"href":"https:\/\/haddad-boyer.fr\/index.php?rest_route=%2Fwp%2Fv2%2Fmedia&parent=193"}],"curies":[{"name":"wp","href":"https:\/\/api.w.org\/{rel}","templated":true}]}}